e 3*a - 6*a = -123. What are the prime factors of a?
41
Let p be 12/3*(-15)/(-4). What are the prime factors of (-9)/12 + p/4?
3
Suppose -2*j = -0*j - 118. Let o = j - 36. Let p = o - 14. List the prime factors of p.
3
List the prime factors of (-692)/(-48)*-4*(1 + -4).
173
Suppose 4*t - 308 = 244. What are the prime factors of t?
2, 3, 23
Suppose 31 - 6 = 5*j. Let w be (-6)/((-2 + j)/3). List the prime factors of (-30)/(-4)*w/(-9).
5
Let z(h) = -19*h - 46. List the prime factors of z(-8).
2, 53
Let h = -42 - -55. What are the prime factors of h?
13
Let o be (12/14)/((-10)/(-70)). Suppose q + 80 = o*q. What are the prime factors of q?
2
Let q = -13 - -8. Let g(r) = -r**2 - 3*r + 1. Let j be g(q). Let c(o) = -o**2 - 12*o - 13. List the prime factors of c(j).
2, 7
Let i(a) = a**2 - 7*a + 3. Let z be i(7). Suppose z*x + 5*p = 0, -4*x + 0*p + 26 = -2*p. What are the prime factors of x?
5
List the prime factors of (5/3)/((-20)/(-72)).
2, 3
Let s(n) = -n**2 - 4*n - 1. Let v be s(-3). Let q be (v/2 - 1) + 0. Let c = 11 - q. What are the prime factors of c?
11
Let c(w) = -w**3 + 4*w**2 + 5*w + 5. Let k(v) = v**2 - 1. Let t be k(-4). Suppose 4*m = t + 5. List the prime factors of c(m).
5
Let z = 35 + -3. What are the prime factors of z?
2
Let c be 26/10 - (-4)/10. Let o = 28 + -24. Suppose -c*r + 6*r - 59 = -o*t, t - r - 6 = 0. List the prime factors of t.
11
Let t(i) = -i - 2. Let f be t(-5). Let b(z) = -6*z - 6 + 2 + 2*z + f*z. List the prime factors of b(-8).
2
Let l(d) = 2*d**2 + 13*d + 13. List the prime factors of l(6).
163
Suppose 2*w + w + 26 = 5*l, 2*w + l = 0. What are the prime factors of (-6)/4*1*w?
3
Let l be 16/56 + (-878)/(-14). Suppose 4*k + 20 = 0, 3*k + l = 4*g - g. Let q = g - 10. What are the prime factors of q?
2, 3
Let w(f) = f**2 - 3*f + 3. Let r be w(2). List the prime factors of (-1 - -8) + r - -1.
3
Let u(v) = -v**2 + 6*v + 7. Let g be u(7). List the prime factors of 4 + (-2 - g) + 5.
7
Suppose 2*m = 6 - 8. List the prime factors of ((-3)/(-9))/(m/(-9)).
3
Suppose t = 5*t - 64. Let s = t - 2. What are the prime factors of s?
2, 7
Suppose -15*d = -18*d + 54. What are the prime factors of d?
2, 3
Suppose 0*w - 3*w + 55 = -2*s, w - 27 = 5*s. Let h(y) = 5*y. Let u be h(-2). Let p = w + u. List the prime factors of p.
7
Let x(s) = -s**2 + 5*s + 3. Let a be x(7). Suppose 0 = 4*r + 4*r. Let k = r - a. List the prime factors of k.
11
List the prime factors of (0 - 8/6)/((-18)/3618).
2, 67
Let r be -39*(1 - -1)/6. Let k = r - -25. What are the prime factors of k?
2, 3
Let u = -27 + 40. List the prime factors of u.
13
Let b(m) = m**3 - 2*m**2 - m. List the prime factors of b(5).
2, 5, 7
Let y be 1*-2 + (0 - -4). Let t be -23 - (y - 0) - 2. Let q = t + 39. What are the prime factors of q?
2, 3
What are the prime factors of (-36)/(-45) + 0 + (-241)/(-5)?
7
Let z(r) = -r**2 - 11*r - 5. Let g be z(-10). Suppose 5*y = 4*y + g. List the prime factors of y.
5
Let f = 27 - 9. What are the prime factors of f?
2, 3
Let p = -58 + 78. List the prime factors of p.
2, 5
Suppose 0*n - 2*n - 8 = 0. Let b be (n/(-6))/((-2)/(-9)). Suppose -17 = -5*y + 4*s, 4*y + 6*s = b*s + 26. What are the prime factors of y?
5
Let j(l) = -l**3 - 10*l**2 - 9*l + 9. Let d be j(-9). Let w = d - -3. List the prime factors of w.
2, 3
Suppose -5 + 70 = 5*n. Let l = -18 - -41. Let i = l - n. List the prime factors of i.
2, 5
Let w(i) = 2*i + 2. Suppose 2*s = -2*d, -5*d - 5 - 1 = 2*s. List the prime factors of w(s).
2, 3
Let n(d) = -3*d**2 + 6*d - 1. Let p be n(5). Let i = p + 71. What are the prime factors of i?
5
Suppose -2*g - 2*g = -p + 19, 4*p - 2*g = 34. List the prime factors of (p + -1)/(3/4).
2
Let y(d) = -d**2 - 10*d + 6. Let g be y(-8). Suppose 4*j = g + 2. List the prime factors of j.
2, 3
Let j(c) = -c**3 - 5*c**2 - 5*c + 12. Let i(m) = m**3 - m**2 + m - 1. Let f(u) = -2*i(u) - j(u). List the prime factors of f(7).
11
Suppose 0*q = 2*q - 4. List the prime factors of q.
2
Let q be 5 - 2 - (-158)/2. Let h = -48 + q. Suppose 2*n - 2*c = h, n + n - 5*c - 40 = 0. List the prime factors of n.
3, 5
Suppose -k + 5 = 0, -5*n - 2*k - 36 = 44. What are the prime factors of (20/(-6))/(6/n)?
2, 5
Let m(i) = 5*i - 6. Suppose 0 = -5*g + 4*u - 1, 0 = u - 5*u - 4. Let h be (g - -1 - -5)*1. List the prime factors of m(h).
19
Let k = -1 + 4. Suppose 9 = -k*x + 6*x. List the prime factors of 7 - (x + -2)*-1.
2
Suppose 4 = 9*s - 158. List the prime factors of s.
2, 3
Suppose -5 = -5*y, -4*d = -3*y + 45 - 6. Let b = -4 - d. Suppose -2*s = -4*s + b*z + 25, 4*z = 2*s - 24. List the prime factors of s.
2, 5
List the prime factors of 15*2 + 0/(-4).
2, 3, 5
Let t(x) = -x - 13. Let r be t(-9). Let h = r + 8. What are the prime factors of h?
2
Let m(y) = 2*y**3 + 11*y**2 - 2*y + 13. Let r(t) = -t**3 - t**2 - t - 1. Let v = -7 + 8. Let z(x) = v*m(x) + 3*r(x). What are the prime factors of z(7)?
2, 3
Let k be (12 + 0)/3 - 2. Suppose 3*g = k*g + 14. Let n = g + -7. List the prime factors of n.
7
Let u(g) = g**3 + 2*g**2 - 3*g - 3. Let q be u(-2). Suppose 4 = q*x - 2*x. Suppose v - x = 6. List the prime factors of v.
2, 5
Let m(x) = x**2 - 13*x - 6. Let t be 0 + -2 + (25 - 8). What are the prime factors of m(t)?
2, 3
Let z(q) = -63*q + 30. List the prime factors of z(-3).
3, 73
Suppose -5*p + 9 = -1. What are the prime factors of (10/25)/(p/100)?
2, 5
Suppose d - 16 + 12 = 0. Suppose -d*m = 5*i - 248, 2*m = -0*i - 4*i + 196. What are the prime factors of i?
2, 3
Let a = 8 + -2. Suppose -a*y + 92 = -2*y. List the prime factors of y.
23
Suppose -9*a + 3 = -8*a. What are the prime factors of 2*5/(10/a)?
3
Let s(u) = -u**2 - 4*u + 2. Let q be s(-4). Suppose 0 = -q*m + 7 + 1. Suppose -m*j + 21 = -23. What are the prime factors of j?
11
Suppose -28 = -2*r - 5*a, -86 = -2*r - 2*r + 5*a. What are the prime factors of r?
19
Let u(t) be the first derivative of 5*t**3/3 - 4. Let d be u(-1). Let v = d - -1. What are the prime factors of v?
2, 3
Suppose s - 139 = -3*a - 3*s, 206 = 4*a - 5*s. List the prime factors of a.
7
Suppose -3*w = 2*w - 10. Let f be (10/6)/(4/12). Suppose -2*n + 30 = 2*h, -f*n - 5*h = -w*n - 39. What are the prime factors of n?
2, 3
Suppose 616 = 6*w - 2*w + 3*y, -3*y + 459 = 3*w. List the prime factors of w.
157
Let k = 191 + 74. List the prime factors of k.
5, 53
Let y be (-38)/(-4)*(-6)/(-3). Suppose 47 = 3*t - y. What are the prime factors of t?
2, 11
Suppose o - 20 = -3*o. Let s(g) = 3*g - 1. Let n(h) = -2*h + 1. Let x(f) = o*n(f) + 3*s(f). List the prime factors of x(-7).
3
Let c(d) = -d**2 + 4. Let v(y) = y - 1. Let k be v(-3). Let o be c(k). Let a = -1 - o. What are the prime factors of a?
11
List the prime factors of (-660)/25*40/(-6).
2, 11
Suppose 2*y + 4*l = -3 + 15, 20 = -2*y + 4*l. Suppose 5*z + 3*r - 20 = 0, -6*z - 4*r + 24 = -2*z. What are the prime factors of -8*y*z/2?
2
Let m be 1/4 - 1/4. Suppose 45 = 5*p - 2*a, m*p - 8 = p + 3*a. Let u(n) = -n**2 + 7*n + 8. List the prime factors of u(p).
2
Suppose 0 = 14*r - 9*r - 270. List the prime factors of r.
2, 3
Let s(b) = -b**2 + 4*b - 1. Let x be 1/(3/15 + 0). Let f be s(x). Let u = -4 - f. What are the prime factors of u?
2
Let t be 4/(-2) - (6 - 125). Suppose -7*u - t = -10*u. What are the prime factors of u?
3, 13
Let k(x) = -5*x. Let p be k(1). Let q be 2/p - (-115)/(-25). List the prime factors of ((-8)/q)/(6/30).
2
Let z(g) = -g**3 - 7*g**2 + g + 5. Let l be z(-6). Let k = l + 54. Let h = k + 0. What are the prime factors of h?
17
Let c = -6 - -6. Suppose c = 4*o - 16, -2*l + 16 + 48 = -o. What are the prime factors of l?
2, 17
Let p = -29 + 121. What are the prime factors of p?
2, 23
What are the prime factors of 10*249/12 - 2/4?
3, 23
Let p(k) be the second derivative of -k**3/3 + 7*k**2/2 - 3*k. List the prime factors of p(-5).
17
Let q(r) be the first derivative of -r**6/120 + r**5/10 - r**4/6 + r**3 + r**2 - 2. Let z(d) be the second derivative of q(d). List the prime factors of z(5).
11
Let i = -1 - 2. List the prime factors of 0 - -7*(-1 - i).
2, 7
Let g(k) be the third derivative of k**5/30 + k**4/3 - 5*k**3/6 - k**2. Let o be g(-6). Suppose 25 = 4*t - o. List the prime factors of t.
11
List the prime factors of 120/1 + 1*(2 + -3).
7, 17
Suppose 3*z + 30 = -5*m, -4*z = 25 - 5. What are the prime factors o